{"id":1720,"date":"2014-12-18T23:29:46","date_gmt":"2014-12-18T22:29:46","guid":{"rendered":"http:\/\/360.aktiv-panorama.de\/?page_id=1720"},"modified":"2015-04-28T08:57:17","modified_gmt":"2015-04-28T07:57:17","slug":"heidelberg","status":"publish","type":"page","link":"https:\/\/www.aktiv-panorama.de\/?page_id=1720","title":{"rendered":"360\u00b0-Panoramen von Heidelberg"},"content":{"rendered":"<!-- $is_fullpage = 0 -->\n\t\t<script type=\"text\/javascript\"> \n\n\t\t\tjQuery(document).ready(function() {\n\t\t\t\tvar fsliderContainerWidth = jQuery(\"#fgallery-slider-2374-wrapper\").width();\n\t\t\t\tvar fsliderContainerHeight = Math.floor(fsliderContainerWidth * 25 \/ 100);\n\t\t\t\tvar fsliderWindowWidth = jQuery(window).width();\n\t\t\t\tvar fsliderWindowHeight = jQuery(window).height();\n\t\t\t\tvar isFullTemplate = 0;\n\t\t\t\tvar sliderMinHeight = 0;\n\n\t\t\t\tif ( $(\"#fgallery-slider-2374-wrapper\").parents(\".textwidget\").length == 1 ) { \n\t\t\t\t   var isInWidget = 1;\n\t\t\t\t} else {\n\t\t\t\t   var isInWidget = 0;\n\t\t\t\t}\n\n\t\t\t\tif ( fsliderContainerHeight < sliderMinHeight ) {\n\t\t\t\t\tfsliderContainerHeight = sliderMinHeight;\n\t\t\t\t}\n\n\t\t\t\tif ( fsliderWindowWidth < 768 && fsliderContainerHeight < 0.65 * fsliderWindowHeight && isInWidget == 0 && isFullTemplate == 1 ) {\n\t\t\t\t\tfsliderContainerHeight = Math.floor( 0.65 * fsliderWindowHeight );\n\t\t\t\t}\n\t\t\t\t\/\/alert(fsliderWindowWidth + ', ' + fsliderContainerHeight + ', ' + 0.4 * fsliderWindowHeight + ', ' + isInWidget + ', ' + isFullTemplate);\n\t\t\t\tjQuery(\".fs-image-container-2374\").css( {\n\t\t\t\t\t\"height\": fsliderContainerHeight, \"padding-top\": 0, \"width\": \"100%\", \"display\": \"block\"\n\t\t\t\t});\n\t\t\t\tvar fslider2374 = $(\"#fslider-2374\").bxSlider( {\n\t\tmode: 'fade', \n\t\tspeed: 1000, \n\t\tauto: true, \n\t\tpause: 4000, \n\t\tcontrols: true, \n\t\tpager: false, \n\t\tautoHover: false, \n\t\teasing: 'ease',\n\t\tnextText: '',\n\t\tprevText: ''\n\t\t});\n\t\t\t\tvar currentslide;\n\t\t\t\t(function($) {\n\t\t\t\t\t$(window).resize(sliderResizeFunction);\n\t\t\t\t\tfunction sliderResizeFunction () {\n\t\t\t\t\t\tcurrentslide = fslider2374.getCurrentSlide();\n\t\t\t\t\t\tfslider2374.destroySlider();\n\t\t\t\t\t\tfsliderContainerWidth = jQuery(\"#fgallery-slider-2374-wrapper\").width();\n\t\t\t\t\t\tfsliderContainerHeight = Math.floor(fsliderContainerWidth * 25 \/ 100);\n\t\t\t\t\t\tfsliderWindowWidth = jQuery(window).width();\n\t\t\t\t\t\tfsliderWindowHeight = jQuery(window).height();\n\t\t\t\t\t\tif ( fsliderContainerHeight < sliderMinHeight ) {\n\t\t\t\t\t\t\tfsliderContainerHeight = sliderMinHeight;\n\t\t\t\t\t\t}\n\t\t\t\t\t\tif ( fsliderWindowWidth < 768 && fsliderContainerHeight < 0.65 * fsliderWindowHeight && isInWidget == 0 && isFullTemplate == 1 ) {\n\t\t\t\t\t\t\tfsliderContainerHeight = Math.floor( 0.65 * fsliderWindowHeight );\n\t\t\t\t\t\t}\n\t\t\t\t\t\tjQuery(\".fs-image-container-2374\").css( {\n\t\t\t\t\t\t\t\"height\": fsliderContainerHeight, \"padding-top\": 0, \"width\": \"100%\"\n\t\t\t\t\t\t});\n\t\t\t\t\t\tfslider2374.reloadSlider();\n\t\t\t\t\t\t\/*fslider2374 = $(\"#fslider-2374\").bxSlider( {\n\t\tmode: 'fade', \n\t\tspeed: 1000, \n\t\tauto: true, \n\t\tpause: 4000, \n\t\tcontrols: true, \n\t\tpager: false, \n\t\tautoHover: false, \n\t\teasing: 'ease',\n\t\tnextText: '',\n\t\tprevText: ''\n\t\t});*\/\n\t\t\t\t\t};\n\t\t\t\t})(jQuery);\n\t\t\t}); \n\n\t\t<\/script><!-- slider wrapper start --><div id=\"fgallery-slider-2374-wrapper\" class=\"fgallery-slider-wrapper gp-wrap gpovh\"><style type=\"text\/css\" scoped>.fs-image-container-2374 { width: 100%; padding-top: 25%; background-size: cover; background-position: center; transform: rotate( .0001deg );} <\/style><div id=\"fslider-2374\"><div class=\"fs-image-container fs-image-container-2374\" style=\"background-image: url(https:\/\/www.aktiv-panorama.de\/wp-content\/uploads\/2014\/12\/Heidelberg_2_2560.jpg); display: none;\"><img decoding=\"async\" src=\"https:\/\/www.aktiv-panorama.de\/wp-content\/themes\/geopress360-v3.4.6\/img\/transparent.png\" style=\"width: 100%; height: 100%;\" alt=\"\" \/><\/div><\/div><\/div><!-- slider wrapper end -->\n<div class=\"gp-wrap gpcenter gpovh entry-sep bwi-entry-sep\" style=\"\"><\/div>\n<div class=\"gp-wrap gpcenter gpovh accent-bg-nh fp-bf-container\" style=\"\"> <div class=\"gp-container gpcenter gpovh \" style=\"\"><\/div>\n<h1 class=\"altfont fp-bf-title\" style=\"text-align: center;\"><span style=\"color: #dbdbdb;\">360\u00b0-Panoramen von\u00a0Heidelberg<\/span><\/h1>\n<\/div>\n<p style=\"text-align: left;\"><!-- content block 1731 starts here -->\r\n<div class=\"gp-container gpovh gpcenter \" style=\"color:#6f5d4d\">\r\n<!-- Column 1starts here -->\r\n<div class=\"gp-cblk gp-col-100 \" style=\"\">\r\n<h2 style=\"text-align: center;\"><a title=\"360\u00b0-Panorama von Heidelberg - auf der &quot;Alten Br\u00fccke&quot;\" href=\"https:\/\/www.aktiv-panorama.de\/360panoramen\/heidelberg\/auf_der_alten_bruecke_2\/\">auf der &#8222;Alten Br\u00fccke&#8220;<\/a><br \/>\n<!-- $pano_height =  -->\r\n<!-- $gp_pano_url = https:\/\/www.aktiv-panorama.de\/360panoramen\/heidelberg\/auf_der_alten_bruecke_2\/ -->\n\r<div id=\"pano-thumb-container-1725\" class=\"pano-thumb-container gp-container gpovh tac entry-thumb\">\r\n<a href=\"https:\/\/www.aktiv-panorama.de\/360panoramen\/heidelberg\/auf_der_alten_bruecke_2\/\" target=\"_blank\">\r\n<img decoding=\"async\" src=\"https:\/\/www.aktiv-panorama.de\/wp-content\/uploads\/2014\/12\/Heidelberg_2_3-1-1024x341.jpg\">\r\n<span class=\"imgl2mp\"><\/span><\/a>\r\n<\/div>\r\n<div  id=\"pano-open-link-1725\" class=\"pano-open-link\">\r\n<a href=\"https:\/\/www.aktiv-panorama.de\/360panoramen\/heidelberg\/auf_der_alten_bruecke_2\/\" target=\"_blank\"><span class=\"icon-cw-circled\"><\/span>Panorama ansehen<\/a>\r\n<\/div>\r\n<!-- $gp_pagebldr_display_mode =  -->\r\n<\/h2>\n\r\n<\/div>\r\n<!-- Column 1ends here -->\r\n<\/div>\r\n<!-- Content block 1731 ends here -->\r\n\n<!-- content block 1750 starts here -->\r\n<div class=\"gp-wrap gpovh \" style=\"color:#6f5d4d\">\r\n<!-- Column 1starts here -->\r\n<div class=\"gp-cblk gp-col-31 \" style=\"\">\r\n<h2 style=\"text-align: center;\">Uferpromenade am Neckar<br \/>\n<!-- $pano_height =  -->\r\n<!-- $gp_pano_url = https:\/\/www.aktiv-panorama.de\/360panoramen\/heidelberg\/uferpromenade\/ -->\n\r<div id=\"pano-thumb-container-1744\" class=\"pano-thumb-container gp-container gpovh tac entry-thumb\">\r\n<a href=\"https:\/\/www.aktiv-panorama.de\/360panoramen\/heidelberg\/uferpromenade\/\" target=\"_blank\">\r\n<img decoding=\"async\" src=\"https:\/\/www.aktiv-panorama.de\/wp-content\/uploads\/2014\/12\/Heidelberg_4_3-1-1024x341.jpg\">\r\n<span class=\"imgl2mp\"><\/span><\/a>\r\n<\/div>\r\n<div  id=\"pano-open-link-1744\" class=\"pano-open-link\">\r\n<a href=\"https:\/\/www.aktiv-panorama.de\/360panoramen\/heidelberg\/uferpromenade\/\" target=\"_blank\"><span class=\"icon-cw-circled\"><\/span>Panorama ansehen<\/a>\r\n<\/div>\r\n<!-- $gp_pagebldr_display_mode =  -->\r\n<\/h2>\n\r\n<\/div>\r\n<!-- Column 1ends here -->\r\n<!-- Column 2starts here -->\r\n<div class=\"gp-cblk gp-col-31 gppush3 \" style=\"\">\r\n<h2 style=\"text-align: center;\">Brautpaar auf der &#8222;Alten Br\u00fccke&#8220;<br \/>\n<!-- $pano_height =  -->\r\n<!-- $gp_pano_url = https:\/\/www.aktiv-panorama.de\/360panoramen\/heidelberg\/auf_der_alten_bruecke\/ -->\n\r<div id=\"pano-thumb-container-1733\" class=\"pano-thumb-container gp-container gpovh tac entry-thumb\">\r\n<a href=\"https:\/\/www.aktiv-panorama.de\/360panoramen\/heidelberg\/auf_der_alten_bruecke\/\" target=\"_blank\">\r\n<img decoding=\"async\" src=\"https:\/\/www.aktiv-panorama.de\/wp-content\/uploads\/2014\/12\/Heidelberg-1_3-1-1024x341.jpg\">\r\n<span class=\"imgl2mp\"><\/span><\/a>\r\n<\/div>\r\n<div  id=\"pano-open-link-1733\" class=\"pano-open-link\">\r\n<a href=\"https:\/\/www.aktiv-panorama.de\/360panoramen\/heidelberg\/auf_der_alten_bruecke\/\" target=\"_blank\"><span class=\"icon-cw-circled\"><\/span>Panorama ansehen<\/a>\r\n<\/div>\r\n<!-- $gp_pagebldr_display_mode =  -->\r\n<\/h2>\n\r\n<\/div>\r\n<!-- Column 2ends here -->\r\n<!-- Column 3starts here -->\r\n<div class=\"gp-cblk gp-col-31 gppush3 \" style=\"\">\r\n<h2 style=\"text-align: center;\">Ziegelh\u00e4user Landstra\u00dfe<br \/>\n<!-- $pano_height =  -->\r\n<!-- $gp_pano_url = https:\/\/www.aktiv-panorama.de\/360panoramen\/heidelberg\/ziegelhauser_landstrasse\/ -->\n\r<div id=\"pano-thumb-container-1746\" class=\"pano-thumb-container gp-container gpovh tac entry-thumb\">\r\n<a href=\"https:\/\/www.aktiv-panorama.de\/360panoramen\/heidelberg\/ziegelhauser_landstrasse\/\" target=\"_blank\">\r\n<img decoding=\"async\" src=\"https:\/\/www.aktiv-panorama.de\/wp-content\/uploads\/2014\/12\/Heidelberg_Schlosspanorama_3-1-1024x341.jpg\">\r\n<span class=\"imgl2mp\"><\/span><\/a>\r\n<\/div>\r\n<div  id=\"pano-open-link-1746\" class=\"pano-open-link\">\r\n<a href=\"https:\/\/www.aktiv-panorama.de\/360panoramen\/heidelberg\/ziegelhauser_landstrasse\/\" target=\"_blank\"><span class=\"icon-cw-circled\"><\/span>Panorama ansehen<\/a>\r\n<\/div>\r\n<!-- $gp_pagebldr_display_mode =  -->\r\n<\/h2>\n\r\n<\/div>\r\n<!-- Column 3ends here -->\r\n<\/div>\r\n<!-- Content block 1750 ends here -->\r\n\n<!-- content block 1753 starts here -->\r\n<div class=\"gp-wrap gpovh \" style=\"color:#6f5d4d\">\r\n<!-- Column 1starts here -->\r\n<div class=\"gp-cblk gp-col-48 \" style=\"\">\r\n<h2 style=\"text-align: center;\">Stadthalle \/ Kongresshaus<br \/>\n<!-- $pano_height =  -->\r\n<!-- $gp_pano_url = https:\/\/www.aktiv-panorama.de\/360panoramen\/heidelberg\/stadthalle\/ -->\n\r<div id=\"pano-thumb-container-1741\" class=\"pano-thumb-container gp-container gpovh tac entry-thumb\">\r\n<a href=\"https:\/\/www.aktiv-panorama.de\/360panoramen\/heidelberg\/stadthalle\/\" target=\"_blank\">\r\n<img decoding=\"async\" src=\"https:\/\/www.aktiv-panorama.de\/wp-content\/uploads\/2014\/12\/Heidelberg_6_3-1-1024x341.jpg\">\r\n<span class=\"imgl2mp\"><\/span><\/a>\r\n<\/div>\r\n<div  id=\"pano-open-link-1741\" class=\"pano-open-link\">\r\n<a href=\"https:\/\/www.aktiv-panorama.de\/360panoramen\/heidelberg\/stadthalle\/\" target=\"_blank\"><span class=\"icon-cw-circled\"><\/span>Panorama ansehen<\/a>\r\n<\/div>\r\n<!-- $gp_pagebldr_display_mode =  -->\r\n<\/h2>\n\r\n<\/div>\r\n<!-- Column 1ends here -->\r\n<!-- Column 2starts here -->\r\n<div class=\"gp-cblk gp-col-48 gppush3 \" style=\"\">\r\n<h2 style=\"text-align: center;\">unter der &#8222;AltenBr\u00fccke&#8220;<br \/>\n<!-- $pano_height =  -->\r\n<!-- $gp_pano_url = https:\/\/www.aktiv-panorama.de\/360panoramen\/heidelberg\/unter_der_alten_bruecke\/ -->\n\r<div id=\"pano-thumb-container-1738\" class=\"pano-thumb-container gp-container gpovh tac entry-thumb\">\r\n<a href=\"https:\/\/www.aktiv-panorama.de\/360panoramen\/heidelberg\/unter_der_alten_bruecke\/\" target=\"_blank\">\r\n<img decoding=\"async\" src=\"https:\/\/www.aktiv-panorama.de\/wp-content\/uploads\/2014\/12\/Heidelberg_3_3-1-1024x341.jpg\">\r\n<span class=\"imgl2mp\"><\/span><\/a>\r\n<\/div>\r\n<div  id=\"pano-open-link-1738\" class=\"pano-open-link\">\r\n<a href=\"https:\/\/www.aktiv-panorama.de\/360panoramen\/heidelberg\/unter_der_alten_bruecke\/\" target=\"_blank\"><span class=\"icon-cw-circled\"><\/span>Panorama ansehen<\/a>\r\n<\/div>\r\n<!-- $gp_pagebldr_display_mode =  -->\r\n<\/h2>\n\r\n<\/div>\r\n<!-- Column 2ends here -->\r\n<\/div>\r\n<!-- Content block 1753 ends here -->\r\n\n<div class=\"gp-container gpcenter gpovh \" style=\"\">\n<div class=\"gp-wrap gpcenter gpovh entry-sep bwi-entry-sep\" style=\"\"><\/div>\n<div class=\"gp-container gpcenter gpovh \" style=\"\"><\/div>\n<div class=\"gp-wrap gpcenter gpovh accent-bg-nh fp-bf-container\" style=\"\"> <div class=\"gp-container gpcenter gpovh \" style=\"\"><\/div>\n<h1 class=\"altfont fp-bf-title\" style=\"text-align: center;\"><span style=\"color: #dbdbdb;\">Wissenswertes zu\u00a0Heidelberg<\/span><\/h1>\n<\/div>\n<p style=\"text-align: justify;\">Heidelberg ist eine Gro\u00dfstadt in Baden-W\u00fcrttemberg im S\u00fcdwesten Deutschlands, unweit der M\u00fcndung des Neckars in den Rhein. Die ehemalige kurpf\u00e4lzische Residenzstadt ist bekannt f\u00fcr ihre malerische Altstadt mit der Schlossruine sowie f\u00fcr ihre renommierte Universit\u00e4t, die \u00e4lteste Hochschule auf dem Gebiet des heutigen Deutschlands. Sie zieht Wissenschaftler und Besucher aus aller Welt an.<\/p>\n<p style=\"text-align: justify;\">Mit \u00fcber 150.000 Einwohnern ist Heidelberg die f\u00fcnftgr\u00f6\u00dfte Stadt des Bundeslandes. Sie ist Stadtkreis und zugleich Sitz des umliegenden Rhein-Neckar-Kreises. Das dicht besiedelte Gebiet, in dem Heidelberg gemeinsam mit Mannheim und Ludwigshafen liegt, wird als Metropolregion Rhein-Neckar bezeichnet.<\/p>\n<h2 style=\"text-align: justify;\">Geographie<\/h2>\n<p style=\"text-align: justify;\">Heidelberg liegt zum Teil in der Oberrheinischen Tiefebene \u00fcberwiegend am linken Ufer des unteren Neckars vor dessen Ausfluss aus dem Odenwald in einer l\u00e4nglich, flussaufw\u00e4rts sich zuspitzenden Talsohle, umgrenzt von K\u00f6nigstuhl (568 m) und Gaisberg (375 m). Der Neckar flie\u00dft hier von Ost nach West. Am rechten Neckarufer erhebt sich der Heiligenberg (445 m). Der Neckar m\u00fcndet etwa 22 Kilometer nordwestlich, gemessen vom Ende der Talsohle, in Mannheim in den Rhein. Die im 20. Jahrhundert eingemeindeten Orte reichen \u00fcber das Neckartal in die Bergstra\u00dfe hinein, die am Rand des Odenwalds entlangf\u00fchrt. Die Stadt liegt in der Metropolregion Rhein-Neckar, einem 2,35 Millionen Einwohner z\u00e4hlenden Verdichtungsraum, der neben Teilen S\u00fcdhessens und der rheinland-pf\u00e4lzischen Vorderpfalz in Baden-W\u00fcrttemberg die beiden Stadtkreise Mannheim und Heidelberg sowie die westlichen und s\u00fcdlichen Gemeinden des Rhein-Neckar-Kreises umfasst.<\/p>\n<p>Quelle: <a title=\"Wikipedia - Heidelberg 2014\" href=\"http:\/\/de.wikipedia.org\/wiki\/Heidelberg\" target=\"_blank\">Wikipedia 2014<\/a><\/p>\n<\/div>\n","protected":false},"excerpt":{"rendered":"","protected":false},"author":1,"featured_media":0,"parent":0,"menu_order":8,"comment_status":"closed","ping_status":"closed","template":"templates\/template-page-full.php","meta":{"footnotes":""},"class_list":["post-1720","page","type-page","status-publish","hentry"],"yoast_head":"<!-- This site is optimized with the Yoast SEO plugin v27.6 - https:\/\/yoast.com\/product\/yoast-seo-wordpress\/ -->\n<title>360\u00b0-Panoramen von Heidelberg<\/title>\n<meta name=\"description\" content=\"360\u00b0-Panoramen von Heidelberg, mit Ansichten von der Alten Br\u00fccke (Theodor Heuss Br\u00fccke), der Stadthalle und dem Ufer am Neckar\" \/>\n<meta name=\"robots\" content=\"index, follow, max-snippet:-1, max-image-preview:large, max-video-preview:-1\" \/>\n<link rel=\"canonical\" href=\"https:\/\/www.aktiv-panorama.de\/?page_id=1720\" \/>\n<meta property=\"og:locale\" content=\"de_DE\" \/>\n<meta property=\"og:type\" content=\"article\" \/>\n<meta property=\"og:title\" content=\"360\u00b0-Panoramen von Heidelberg\" \/>\n<meta property=\"og:description\" content=\"360\u00b0-Panoramen von Heidelberg, mit Ansichten von der Alten Br\u00fccke (Theodor Heuss Br\u00fccke), der Stadthalle und dem Ufer am Neckar\" \/>\n<meta property=\"og:url\" content=\"https:\/\/www.aktiv-panorama.de\/?page_id=1720\" \/>\n<meta property=\"og:site_name\" content=\"Aktiv-Panorama\" \/>\n<meta property=\"article:modified_time\" content=\"2015-04-28T07:57:17+00:00\" \/>\n<meta name=\"twitter:label1\" content=\"Gesch\u00e4tzte Lesezeit\" \/>\n\t<meta name=\"twitter:data1\" content=\"1\u00a0Minute\" \/>\n<script type=\"application\/ld+json\" class=\"yoast-schema-graph\">{\"@context\":\"https:\\\/\\\/schema.org\",\"@graph\":[{\"@type\":\"WebPage\",\"@id\":\"https:\\\/\\\/www.aktiv-panorama.de\\\/?page_id=1720\",\"url\":\"https:\\\/\\\/www.aktiv-panorama.de\\\/?page_id=1720\",\"name\":\"360\u00b0-Panoramen von Heidelberg\",\"isPartOf\":{\"@id\":\"https:\\\/\\\/www.aktiv-panorama.de\\\/#website\"},\"datePublished\":\"2014-12-18T22:29:46+00:00\",\"dateModified\":\"2015-04-28T07:57:17+00:00\",\"description\":\"360\u00b0-Panoramen von Heidelberg, mit Ansichten von der Alten Br\u00fccke (Theodor Heuss Br\u00fccke), der Stadthalle und dem Ufer am Neckar\",\"breadcrumb\":{\"@id\":\"https:\\\/\\\/www.aktiv-panorama.de\\\/?page_id=1720#breadcrumb\"},\"inLanguage\":\"de\",\"potentialAction\":[{\"@type\":\"ReadAction\",\"target\":[\"https:\\\/\\\/www.aktiv-panorama.de\\\/?page_id=1720\"]}]},{\"@type\":\"BreadcrumbList\",\"@id\":\"https:\\\/\\\/www.aktiv-panorama.de\\\/?page_id=1720#breadcrumb\",\"itemListElement\":[{\"@type\":\"ListItem\",\"position\":1,\"name\":\"Startseite\",\"item\":\"https:\\\/\\\/www.aktiv-panorama.de\\\/\"},{\"@type\":\"ListItem\",\"position\":2,\"name\":\"360\u00b0-Panoramen von Heidelberg\"}]},{\"@type\":\"WebSite\",\"@id\":\"https:\\\/\\\/www.aktiv-panorama.de\\\/#website\",\"url\":\"https:\\\/\\\/www.aktiv-panorama.de\\\/\",\"name\":\"Aktiv-Panorama\",\"description\":\"360\u00b0-Panoramafotografie\",\"publisher\":{\"@id\":\"https:\\\/\\\/www.aktiv-panorama.de\\\/#organization\"},\"potentialAction\":[{\"@type\":\"SearchAction\",\"target\":{\"@type\":\"EntryPoint\",\"urlTemplate\":\"https:\\\/\\\/www.aktiv-panorama.de\\\/?s={search_term_string}\"},\"query-input\":{\"@type\":\"PropertyValueSpecification\",\"valueRequired\":true,\"valueName\":\"search_term_string\"}}],\"inLanguage\":\"de\"},{\"@type\":\"Organization\",\"@id\":\"https:\\\/\\\/www.aktiv-panorama.de\\\/#organization\",\"name\":\"Panorama-Fotografie\",\"url\":\"https:\\\/\\\/www.aktiv-panorama.de\\\/\",\"logo\":{\"@type\":\"ImageObject\",\"inLanguage\":\"de\",\"@id\":\"https:\\\/\\\/www.aktiv-panorama.de\\\/#\\\/schema\\\/logo\\\/image\\\/\",\"url\":\"https:\\\/\\\/i0.wp.com\\\/www.aktiv-panorama.de\\\/wp-content\\\/uploads\\\/2014\\\/11\\\/logo_aktiv-panorama-360_250px.png?fit=250%2C239\",\"contentUrl\":\"https:\\\/\\\/i0.wp.com\\\/www.aktiv-panorama.de\\\/wp-content\\\/uploads\\\/2014\\\/11\\\/logo_aktiv-panorama-360_250px.png?fit=250%2C239\",\"width\":250,\"height\":239,\"caption\":\"Panorama-Fotografie\"},\"image\":{\"@id\":\"https:\\\/\\\/www.aktiv-panorama.de\\\/#\\\/schema\\\/logo\\\/image\\\/\"}}]}<\/script>\n<!-- \/ Yoast SEO plugin. -->","yoast_head_json":{"title":"360\u00b0-Panoramen von Heidelberg","description":"360\u00b0-Panoramen von Heidelberg, mit Ansichten von der Alten Br\u00fccke (Theodor Heuss Br\u00fccke), der Stadthalle und dem Ufer am Neckar","robots":{"index":"index","follow":"follow","max-snippet":"max-snippet:-1","max-image-preview":"max-image-preview:large","max-video-preview":"max-video-preview:-1"},"canonical":"https:\/\/www.aktiv-panorama.de\/?page_id=1720","og_locale":"de_DE","og_type":"article","og_title":"360\u00b0-Panoramen von Heidelberg","og_description":"360\u00b0-Panoramen von Heidelberg, mit Ansichten von der Alten Br\u00fccke (Theodor Heuss Br\u00fccke), der Stadthalle und dem Ufer am Neckar","og_url":"https:\/\/www.aktiv-panorama.de\/?page_id=1720","og_site_name":"Aktiv-Panorama","article_modified_time":"2015-04-28T07:57:17+00:00","twitter_misc":{"Gesch\u00e4tzte Lesezeit":"1\u00a0Minute"},"schema":{"@context":"https:\/\/schema.org","@graph":[{"@type":"WebPage","@id":"https:\/\/www.aktiv-panorama.de\/?page_id=1720","url":"https:\/\/www.aktiv-panorama.de\/?page_id=1720","name":"360\u00b0-Panoramen von Heidelberg","isPartOf":{"@id":"https:\/\/www.aktiv-panorama.de\/#website"},"datePublished":"2014-12-18T22:29:46+00:00","dateModified":"2015-04-28T07:57:17+00:00","description":"360\u00b0-Panoramen von Heidelberg, mit Ansichten von der Alten Br\u00fccke (Theodor Heuss Br\u00fccke), der Stadthalle und dem Ufer am Neckar","breadcrumb":{"@id":"https:\/\/www.aktiv-panorama.de\/?page_id=1720#breadcrumb"},"inLanguage":"de","potentialAction":[{"@type":"ReadAction","target":["https:\/\/www.aktiv-panorama.de\/?page_id=1720"]}]},{"@type":"BreadcrumbList","@id":"https:\/\/www.aktiv-panorama.de\/?page_id=1720#breadcrumb","itemListElement":[{"@type":"ListItem","position":1,"name":"Startseite","item":"https:\/\/www.aktiv-panorama.de\/"},{"@type":"ListItem","position":2,"name":"360\u00b0-Panoramen von Heidelberg"}]},{"@type":"WebSite","@id":"https:\/\/www.aktiv-panorama.de\/#website","url":"https:\/\/www.aktiv-panorama.de\/","name":"Aktiv-Panorama","description":"360\u00b0-Panoramafotografie","publisher":{"@id":"https:\/\/www.aktiv-panorama.de\/#organization"},"potentialAction":[{"@type":"SearchAction","target":{"@type":"EntryPoint","urlTemplate":"https:\/\/www.aktiv-panorama.de\/?s={search_term_string}"},"query-input":{"@type":"PropertyValueSpecification","valueRequired":true,"valueName":"search_term_string"}}],"inLanguage":"de"},{"@type":"Organization","@id":"https:\/\/www.aktiv-panorama.de\/#organization","name":"Panorama-Fotografie","url":"https:\/\/www.aktiv-panorama.de\/","logo":{"@type":"ImageObject","inLanguage":"de","@id":"https:\/\/www.aktiv-panorama.de\/#\/schema\/logo\/image\/","url":"https:\/\/i0.wp.com\/www.aktiv-panorama.de\/wp-content\/uploads\/2014\/11\/logo_aktiv-panorama-360_250px.png?fit=250%2C239","contentUrl":"https:\/\/i0.wp.com\/www.aktiv-panorama.de\/wp-content\/uploads\/2014\/11\/logo_aktiv-panorama-360_250px.png?fit=250%2C239","width":250,"height":239,"caption":"Panorama-Fotografie"},"image":{"@id":"https:\/\/www.aktiv-panorama.de\/#\/schema\/logo\/image\/"}}]}},"_links":{"self":[{"href":"https:\/\/www.aktiv-panorama.de\/index.php?rest_route=\/wp\/v2\/pages\/1720","targetHints":{"allow":["GET"]}}],"collection":[{"href":"https:\/\/www.aktiv-panorama.de\/index.php?rest_route=\/wp\/v2\/pages"}],"about":[{"href":"https:\/\/www.aktiv-panorama.de\/index.php?rest_route=\/wp\/v2\/types\/page"}],"author":[{"embeddable":true,"href":"https:\/\/www.aktiv-panorama.de\/index.php?rest_route=\/wp\/v2\/users\/1"}],"replies":[{"embeddable":true,"href":"https:\/\/www.aktiv-panorama.de\/index.php?rest_route=%2Fwp%2Fv2%2Fcomments&post=1720"}],"version-history":[{"count":0,"href":"https:\/\/www.aktiv-panorama.de\/index.php?rest_route=\/wp\/v2\/pages\/1720\/revisions"}],"wp:attachment":[{"href":"https:\/\/www.aktiv-panorama.de\/index.php?rest_route=%2Fwp%2Fv2%2Fmedia&parent=1720"}],"curies":[{"name":"wp","href":"https:\/\/api.w.org\/{rel}","templated":true}]}}