{"id":2588,"date":"2015-01-12T17:05:00","date_gmt":"2015-01-12T16:05:00","guid":{"rendered":"https:\/\/www.aktiv-panorama.de\/?page_id=2588"},"modified":"2015-01-14T18:00:33","modified_gmt":"2015-01-14T17:00:33","slug":"paris-tour-montparnasse-2","status":"publish","type":"page","link":"https:\/\/www.aktiv-panorama.de\/?page_id=2588","title":{"rendered":"Panorama-Aussicht vom Tour Montparnasse auf Paris"},"content":{"rendered":"<h2><a title=\"Aussicht vom Montparnasse-Tower zum Eiffelturm\" href=\"https:\/\/www.aktiv-panorama.de\/panoramen\/paris\/Paris - Aussicht vom Montparnasse Tower Richtung Eiffelturm.html\"><span class=\"xr_tl xr_s4\" style=\"top: -13px;\">Aussicht vom Montparnasse-Tower zum Eiffelturm<\/span><\/a><\/h2>\n<div class=\"xr_s4\" style=\"position: absolute; left: 504px; top: 496px; text-shadow: 5px 5px 3px rgba(0, 0, 0, 0.25);\"><\/div>\n[pano file=&#8220;https:\/\/www.aktiv-panorama.de\/panoramen\/paris\/Paris &#8211; Aussicht vom Montparnasse Tower Richtung Eiffelturm.html&#8220; width=&#8220;860&#8243; height=&#8220;300&#8243; title=&#8220;Aussicht vom Montparnasse-Tower Richtung Eiffelturm&#8220; alt=&#8220;Aussicht vom Montparnasse-Tower Richtung Eiffelturm&#8220; preview=&#8220;https:\/\/www.aktiv-panorama.de\/wp-content\/uploads\/2014\/05\/Paris-Aussicht-vom-Montparnasse-Tower-auf-den-Eiffelturm_01_1200x6001.jpg&#8220;]\n<hr \/>\n<p>&nbsp;<\/p>\n<h2><\/h2>\n<h2><a title=\"Aussicht vom Montparnasse-Tower Richtung Norden zum Louvre und nach Montmartre mit Sacre Couer\" href=\"https:\/\/www.aktiv-panorama.de\/panoramen\/paris\/Paris - Aussicht vom Montparnasse Tower zum Louvre.html\"><span class=\"xr_tl xr_s4\" style=\"top: -13px;\">Aussicht vom Montparnasse-Tower zum Louvre<\/span><\/a><\/h2>\n<div class=\"xr_s4\" style=\"position: absolute; left: 504px; top: 496px; text-shadow: 5px 5px 3px rgba(0, 0, 0, 0.25);\"><\/div>\n[pano file=&#8220;https:\/\/www.aktiv-panorama.de\/panoramen\/paris\/Paris &#8211; Aussicht vom Montparnasse Tower zum Louvre.html&#8220; width=&#8220;860&#8243; height=&#8220;300&#8243; title=&#8220;Aussicht vom Montparnasse-Tower Richtung Louvre&#8220; alt=&#8220;Aussicht vom Montparnasse-Tower Richtung Louvre&#8220; preview=&#8220;https:\/\/www.aktiv-panorama.de\/wp-content\/uploads\/2014\/05\/Paris-vom-Montparnasse-auf-Louvre_1200x600.jpg&#8220;]\n<hr \/>\n<p>&nbsp;<\/p>\n<h2><\/h2>\n<h2><a title=\"Aussicht vom Montparnasse-Tower zum Eiffelturm\" href=\"https:\/\/www.aktiv-panorama.de\/panoramen\/paris\/Paris - Aussicht vom Montparnasse Tower Richtung Nord-Westen.html\"><span class=\"xr_tl xr_s4\" style=\"top: -13px;\">Aussicht vom Montparnasse-Tower Richtung Nord-Westen<\/span><\/a><\/h2>\n<div class=\"xr_s4\" style=\"position: absolute; left: 504px; top: 496px; text-shadow: 5px 5px 3px rgba(0, 0, 0, 0.25);\"><\/div>\n[pano file=&#8220;https:\/\/www.aktiv-panorama.de\/panoramen\/paris\/Paris &#8211; Aussicht vom Montparnasse Tower Richtung Nord-Westen.html&#8220; width=&#8220;860&#8243; height=&#8220;300&#8243; title=&#8220;Aussicht vom Montparnasse-Tower Richtung Louvre&#8220; alt=&#8220;Aussicht vom Montparnasse-Tower Richtung Louvre&#8220; preview=&#8220;https:\/\/www.aktiv-panorama.de\/wp-content\/uploads\/2014\/05\/Paris-Aussicht-vom-vom-Montparnasse-Tower-Richtung-Pantheon_1200x600.jpg&#8220;]\n<hr \/>\n<p>&nbsp;<\/p>\n<h2><\/h2>\n<h2><a title=\"Aussicht vom Montparnasse-Tower Richtung Louvre und Montmartre mit dem Sacre Coeur im Hintergrund\" href=\"https:\/\/www.aktiv-panorama.de\/panoramen\/paris\/Paris - Aussicht vom Montparnasse Tower nach Montmartre und Louvre.html\"><span class=\"xr_tl xr_s4\" style=\"top: -13px;\">Aussicht vom Montparnasse-Tower Richtung Louvre und Montmartre mit dem Sacre Coeur im Hintergrund<\/span><\/a><\/h2>\n<div class=\"xr_s4\" style=\"position: absolute; left: 504px; top: 496px; text-shadow: 5px 5px 3px rgba(0, 0, 0, 0.25);\"><\/div>\n[pano file=&#8220;https:\/\/www.aktiv-panorama.de\/panoramen\/paris\/Paris &#8211; Aussicht vom Montparnasse Tower nach Montmartre und Louvre.html&#8220; width=&#8220;860&#8243; height=&#8220;300&#8243; title=&#8220;Aussicht vom Montparnasse-Tower Richtung Louvre und Montmartre mit dem Sacre Coeur im Hintergrund&#8220; alt=&#8220;Aussicht vom Montparnasse-Tower Richtung Louvre und Montmartre mit dem Sacre Coeur im Hintergrund&#8220; preview=&#8220;https:\/\/www.aktiv-panorama.de\/wp-content\/uploads\/2014\/05\/Paris-vom-Montparnasse-Tower-Richtung-Louve-widePano_1200x600.jpg&#8220;]\n<hr \/>\n<p>&nbsp;<\/p>\n<div class=\"gp-wrap gpcenter gpovh entry-sep bwi-entry-sep\" style=\"\"><\/div>\n<div class=\"gp-wrap gpcenter gpovh accent-bg-nh fp-bf-container\" style=\"\"> <div class=\"gp-container gpcenter gpovh \" style=\"\">\n<h1 class=\"altfont fp-bf-title\" style=\"text-align: center;\"><span style=\"color: #dbdbdb;\">Bildergalerie zu den Panoramen vom Montparnasse-Tower<br \/>\n<\/span><\/h1>\n<div class=\"fp-bf-underline tac\" style=\"\"><\/div><\/div><\/div>\n<!--gallery output starts here --><script type=\"text\/javascript\"> jQuery(document).ready(function(){ $('.mfp-gallery-2837').magnificPopup({ type: 'image', cursor: 'mfp-cursor', gallery: { enabled: true } }); var itemsPerRow02837 = 3; var itemsPerRow2837 = 3; var horSpace2837 = 10; var innerContainerWidth2837 = jQuery(\"#fgallery-2837-inner-container\").width(); var ItemWidth2837 = Math.floor( ( innerContainerWidth2837 - ( horSpace2837 * itemsPerRow2837 ) ) \/ itemsPerRow2837 ); var minItemWidth2837 = 130; while ( ItemWidth2837 < minItemWidth2837  && itemsPerRow2837 > 1 ) { itemsPerRow2837 = itemsPerRow2837 - 1; ItemWidth2837 = Math.floor( ( innerContainerWidth2837 - ( horSpace2837 * itemsPerRow2837 ) ) \/ itemsPerRow2837 ); } var newinnerContainerWidth2837 = ( ( itemsPerRow2837 * ItemWidth2837 ) ) + ( horSpace2837 *  itemsPerRow2837 ); jQuery(\".fgallery-2837-item\").css({\"width\": ItemWidth2837}); jQuery(\"#fgallery-2837-inner-container\").css({\"width\": newinnerContainerWidth2837}); var newThumbContainerPaddingTop2837 = Math.floor( ItemWidth2837 * 33.333333333333 \/ 100 ); jQuery(\".fgallery-2837-thumb-container\").css({\"padding-top\": newThumbContainerPaddingTop2837}); (function($) { $(window).resize(galleryResizeFunction); function galleryResizeFunction () { jQuery(\"#fgallery-2837-inner-container\").css({\"width\": \"100%\"}); innerContainerWidth2837 = jQuery(\"#fgallery-2837-inner-container\").width(); itemsPerRow2837 = itemsPerRow02837; ItemWidth2837 = Math.floor( ( innerContainerWidth2837 - ( horSpace2837 * itemsPerRow2837 ) ) \/ itemsPerRow2837 ); while ( ItemWidth2837 < minItemWidth2837  && itemsPerRow2837 > 1 ) { itemsPerRow2837 = itemsPerRow2837 - 1; ItemWidth2837 = Math.floor( ( innerContainerWidth2837 - ( horSpace2837 * itemsPerRow2837 ) ) \/ itemsPerRow2837 ); } newinnerContainerWidth2837 = ( ( itemsPerRow2837 * ItemWidth2837 ) ) + ( horSpace2837 *  itemsPerRow2837 ); jQuery(\".fgallery-2837-item\").css({\"width\": ItemWidth2837}); jQuery(\"#fgallery-2837-inner-container\").css({\"width\": newinnerContainerWidth2837}); newThumbContainerPaddingTop2837 = Math.floor( ItemWidth2837 * 33.333333333333 \/ 100 ); jQuery(\".fgallery-2837-thumb-container\").css({\"padding-top\": newThumbContainerPaddingTop2837}); }; })(jQuery); }); <\/script><!-- gallery wrapper start --><div class=\"gp-wrap gpovh fgallery-wrapper fgallery-wrapper-2837 mfp-gallery\"><style type=\"text\/css\" scoped>.fgallery-wrapper-2837 { padding-top: 10px; padding-bottom: 10px; z-index: 1; position: relative; } .fgallery-2837-item { width: 33.333333333333%; } <\/style><!-- gallery container start --><div id=\"fgallery-container-2837\"><!-- gallery inner container start --><div id=\"fgallery-2837-inner-container\" class=\"fgallery-inner-container\"><!-- gallery item start --><div class=\"fgallery-item fgallery-2837-item\" style=\"margin: 0 5px; margin-bottom: 10px;\"><div class=\"fgallery-thumb-container fgallery-thumb-container1 fgallery-2837-thumb-container shadoweffect zoomeffect1\" style=\"padding-top: 33.333333333333%; background-image: url('https:\/\/www.aktiv-panorama.de\/wp-content\/uploads\/2014\/11\/Paris-vom-Aussichtsfenster-des-MontparnasseTowr-Eiffelturm_1200x600-512x256.jpg')\"><a href=\"https:\/\/www.aktiv-panorama.de\/wp-content\/uploads\/2014\/11\/Paris-vom-Aussichtsfenster-des-MontparnasseTowr-Eiffelturm_1200x600.jpg\" class=\"fgallery-tlink mfp-gallery-2837\" style=\"display: block;\" title=\"\"><div class=\"fgallery-thumb-content vignette\"><\/div><span class=\"fg-imgl2m\"><\/span><\/a><\/div><\/div><!-- gallery item end - $gallery_postCount = 1 $gallery_total_images = 3--><!-- gallery item start --><div class=\"fgallery-item fgallery-2837-item\" style=\"margin: 0 5px; margin-bottom: 10px;\"><div class=\"fgallery-thumb-container fgallery-thumb-container1 fgallery-2837-thumb-container shadoweffect zoomeffect1\" style=\"padding-top: 33.333333333333%; background-image: url('https:\/\/www.aktiv-panorama.de\/wp-content\/uploads\/2014\/11\/Paris-vom-Montparnasse-auf-Louvre_1200x600-512x256.png')\"><a href=\"https:\/\/www.aktiv-panorama.de\/wp-content\/uploads\/2014\/11\/Paris-vom-Montparnasse-auf-Louvre_1200x600.png\" class=\"fgallery-tlink mfp-gallery-2837\" style=\"display: block;\" title=\"\"><div class=\"fgallery-thumb-content vignette\"><\/div><span class=\"fg-imgl2m\"><\/span><\/a><\/div><\/div><!-- gallery item end - $gallery_postCount = 2 $gallery_total_images = 3--><!-- gallery item start --><div class=\"fgallery-item fgallery-2837-item fgallery-last-item\" style=\"margin: 0 5px; margin-bottom: 10px;\"><div class=\"fgallery-thumb-container fgallery-thumb-container1 fgallery-2837-thumb-container shadoweffect zoomeffect1\" style=\"padding-top: 33.333333333333%; background-image: url('https:\/\/www.aktiv-panorama.de\/wp-content\/uploads\/2014\/11\/Paris-Aussicht-vom-Montparnasse-Tower-auf-den-Eiffelturm_01_1200x6001-512x256.jpg')\"><a href=\"https:\/\/www.aktiv-panorama.de\/wp-content\/uploads\/2014\/11\/Paris-Aussicht-vom-Montparnasse-Tower-auf-den-Eiffelturm_01_1200x6001.jpg\" class=\"fgallery-tlink mfp-gallery-2837\" style=\"display: block;\" title=\"\"><div class=\"fgallery-thumb-content vignette\"><\/div><span class=\"fg-imgl2m\"><\/span><\/a><\/div><\/div><!-- gallery item end - $gallery_postCount = 3 $gallery_total_images = 3--><!-- gallery item start --><div class=\"fgallery-item fgallery-2837-item\" style=\"margin: 0 5px; margin-bottom: 10px;\"><div class=\"fgallery-thumb-container fgallery-thumb-container1 fgallery-2837-thumb-container shadoweffect zoomeffect1\" style=\"padding-top: 33.333333333333%; background-image: url('https:\/\/www.aktiv-panorama.de\/wp-content\/uploads\/2014\/11\/Paris-Aussicht-vom-vom-Montparnasse-Tower-Richtung-Pantheon_1200x600-512x256.png')\"><a href=\"https:\/\/www.aktiv-panorama.de\/wp-content\/uploads\/2014\/11\/Paris-Aussicht-vom-vom-Montparnasse-Tower-Richtung-Pantheon_1200x600.png\" class=\"fgallery-tlink mfp-gallery-2837\" style=\"display: block;\" title=\"\"><div class=\"fgallery-thumb-content vignette\"><\/div><span class=\"fg-imgl2m\"><\/span><\/a><\/div><\/div><!-- gallery item end - $gallery_postCount = 4 $gallery_total_images = 3--><!-- gallery item start --><div class=\"fgallery-item fgallery-2837-item\" style=\"margin: 0 5px; margin-bottom: 10px;\"><div class=\"fgallery-thumb-container fgallery-thumb-container1 fgallery-2837-thumb-container shadoweffect zoomeffect1\" style=\"padding-top: 33.333333333333%; background-image: url('https:\/\/www.aktiv-panorama.de\/wp-content\/uploads\/2014\/11\/Paris-vom-Montparnasse-Tower-Richtung-Louve-widePano_1200x600-512x256.png')\"><a href=\"https:\/\/www.aktiv-panorama.de\/wp-content\/uploads\/2014\/11\/Paris-vom-Montparnasse-Tower-Richtung-Louve-widePano_1200x600.png\" class=\"fgallery-tlink mfp-gallery-2837\" style=\"display: block;\" title=\"\"><div class=\"fgallery-thumb-content vignette\"><\/div><span class=\"fg-imgl2m\"><\/span><\/a><\/div><\/div><!-- gallery item end - $gallery_postCount = 5 $gallery_total_images = 3--><\/div><!-- gallery inner container end --><\/div><!-- gallery container end --><\/div><!-- gallery wrapper end -->\n<div class=\"gp-wrap gpcenter gpovh entry-sep bwi-entry-sep\" style=\"\"><\/div>\n<div class=\"gp-container gpcenter gpovh \" style=\"\"><\/div>\n<div class=\"gp-wrap gpcenter gpovh accent-bg-nh fp-bf-container\" style=\"\"> <div class=\"gp-container gpcenter gpovh \" style=\"\"><\/div>\n<h1 class=\"altfont fp-bf-title\" style=\"text-align: center;\"><span style=\"color: #dbdbdb;\">Wissenswertes zum Montparnasse -Tower<br \/>\n<\/span><\/h1>\n<\/div>\n<p style=\"text-align: justify;\">Der <strong>Tour Montparnasse<\/strong> (deutsch: Montparnasse-Turm) ist ein 210 m hohes B\u00fcrohaus im Pariser Stadtteil Montparnasse. Er wurde von 1969 bis 1973 von dem Architekten Roger Saubot errichtet und ist mit 59 Stockwerken nach dem Eiffelturm das h\u00f6chste Bauwerk der Stadt. Bis zum Jahre 2011 war der Turm das h\u00f6chste Geb\u00e4ude in Frankreich, dann wurde er vom Tour First in La D\u00e9fense \u00fcbertroffen.<\/p>\n<h3 style=\"text-align: justify;\">Aussichtsetagen<\/h3>\n<p style=\"text-align: justify;\">Die 56. Etage ist eine \u00f6ffentliche Aussichtsetage mit Restaurant. Das Dach (59. Etage) bietet eine zus\u00e4tzliche Aussichtsplattform mit einem weiten Blick auf Paris.\u00a0 Die Fahrt mit dem Aufzug, dem schnellsten Europas bei der Er\u00f6ffnung, dauert nur 38 Sekunden.<\/p>\n<p style=\"text-align: justify;\">Die Aufnahmen dieser Seite wurden \u00fcberwiegend vom Dach des Geb\u00e4udes gemacht (59. Etage). Auch von der \u00f6ffentlichen Aussichtsetage des Montparnasse-Towers wurden Aufnahmen dieser Seite erstellt.<\/p>\n<p>Quelle: <a title=\"Wikipedia - Montparnasse-Turm (2014)\" href=\"http:\/\/de.wikipedia.org\/wiki\/Tour_Montparnasse\" target=\"_blank\">Wikipedia (2014)<\/a><\/p>\n","protected":false},"excerpt":{"rendered":"<p>Aussicht vom Montparnasse-Tower zum Eiffelturm [pano file=&#8220;https:\/\/www.aktiv-panorama.de\/panoramen\/paris\/Paris &#8211; Aussicht vom Montparnasse Tower Richtung Eiffelturm.html&#8220; width=&#8220;860&#8243; height=&#8220;300&#8243; title=&#8220;Aussicht vom Montparnasse-Tower Richtung Eiffelturm&#8220; alt=&#8220;Aussicht vom Montparnasse-Tower Richtung Eiffelturm&#8220; preview=&#8220;https:\/\/www.aktiv-panorama.de\/wp-content\/uploads\/2014\/05\/Paris-Aussicht-vom-Montparnasse-Tower-auf-den-Eiffelturm_01_1200x6001.jpg&#8220;] &nbsp; Aussicht vom Montparnasse-Tower zum Louvre [pano file=&#8220;https:\/\/www.aktiv-panorama.de\/panoramen\/paris\/Paris &#8211; Aussicht vom Montparnasse Tower zum Louvre.html&#8220; width=&#8220;860&#8243; height=&#8220;300&#8243; title=&#8220;Aussicht vom Montparnasse-Tower Richtung Louvre&#8220; alt=&#8220;Aussicht vom Montparnasse-Tower Richtung Louvre&#8220; preview=&#8220;https:\/\/www.aktiv-panorama.de\/wp-content\/uploads\/2014\/05\/Paris-vom-Montparnasse-auf-Louvre_1200x600.jpg&#8220;] [&hellip;]<\/p>\n","protected":false},"author":1,"featured_media":0,"parent":0,"menu_order":0,"comment_status":"closed","ping_status":"closed","template":"","meta":{"footnotes":""},"class_list":["post-2588","page","type-page","status-publish","hentry"],"yoast_head":"<!-- This site is optimized with the Yoast SEO plugin v27.6 - https:\/\/yoast.com\/product\/yoast-seo-wordpress\/ -->\n<title>Panorama Aussichten vom Tour Montparnasse in Paris<\/title>\n<meta name=\"description\" content=\"Tour Montparnasse ist das zweith\u00f6chste Geb\u00e4ude in Paris: Von der Aussichtsterrasse hat man wohl den sch\u00f6nsten Blick auf Paris mit dem Eiffelturm - sehen Sie selbst\" \/>\n<meta name=\"robots\" content=\"index, follow, max-snippet:-1, max-image-preview:large, max-video-preview:-1\" \/>\n<link rel=\"canonical\" href=\"https:\/\/www.aktiv-panorama.de\/?page_id=2588\" \/>\n<meta property=\"og:locale\" content=\"de_DE\" \/>\n<meta property=\"og:type\" content=\"article\" \/>\n<meta property=\"og:title\" content=\"Panorama Aussichten vom Tour Montparnasse in Paris\" \/>\n<meta property=\"og:description\" content=\"Tour Montparnasse ist das zweith\u00f6chste Geb\u00e4ude in Paris: Von der Aussichtsterrasse hat man wohl den sch\u00f6nsten Blick auf Paris mit dem Eiffelturm - sehen Sie selbst\" \/>\n<meta property=\"og:url\" content=\"https:\/\/www.aktiv-panorama.de\/?page_id=2588\" \/>\n<meta property=\"og:site_name\" content=\"Aktiv-Panorama\" \/>\n<meta property=\"article:modified_time\" content=\"2015-01-14T17:00:33+00:00\" \/>\n<meta name=\"twitter:label1\" content=\"Gesch\u00e4tzte Lesezeit\" \/>\n\t<meta name=\"twitter:data1\" content=\"2\u00a0Minuten\" \/>\n<script type=\"application\/ld+json\" class=\"yoast-schema-graph\">{\"@context\":\"https:\\\/\\\/schema.org\",\"@graph\":[{\"@type\":\"WebPage\",\"@id\":\"https:\\\/\\\/www.aktiv-panorama.de\\\/?page_id=2588\",\"url\":\"https:\\\/\\\/www.aktiv-panorama.de\\\/?page_id=2588\",\"name\":\"Panorama Aussichten vom Tour Montparnasse in Paris\",\"isPartOf\":{\"@id\":\"https:\\\/\\\/www.aktiv-panorama.de\\\/#website\"},\"datePublished\":\"2015-01-12T16:05:00+00:00\",\"dateModified\":\"2015-01-14T17:00:33+00:00\",\"description\":\"Tour Montparnasse ist das zweith\u00f6chste Geb\u00e4ude in Paris: Von der Aussichtsterrasse hat man wohl den sch\u00f6nsten Blick auf Paris mit dem Eiffelturm - sehen Sie selbst\",\"breadcrumb\":{\"@id\":\"https:\\\/\\\/www.aktiv-panorama.de\\\/?page_id=2588#breadcrumb\"},\"inLanguage\":\"de\",\"potentialAction\":[{\"@type\":\"ReadAction\",\"target\":[\"https:\\\/\\\/www.aktiv-panorama.de\\\/?page_id=2588\"]}]},{\"@type\":\"BreadcrumbList\",\"@id\":\"https:\\\/\\\/www.aktiv-panorama.de\\\/?page_id=2588#breadcrumb\",\"itemListElement\":[{\"@type\":\"ListItem\",\"position\":1,\"name\":\"Startseite\",\"item\":\"https:\\\/\\\/www.aktiv-panorama.de\\\/\"},{\"@type\":\"ListItem\",\"position\":2,\"name\":\"Panorama-Aussicht vom Tour Montparnasse auf Paris\"}]},{\"@type\":\"WebSite\",\"@id\":\"https:\\\/\\\/www.aktiv-panorama.de\\\/#website\",\"url\":\"https:\\\/\\\/www.aktiv-panorama.de\\\/\",\"name\":\"Aktiv-Panorama\",\"description\":\"360\u00b0-Panoramafotografie\",\"publisher\":{\"@id\":\"https:\\\/\\\/www.aktiv-panorama.de\\\/#organization\"},\"potentialAction\":[{\"@type\":\"SearchAction\",\"target\":{\"@type\":\"EntryPoint\",\"urlTemplate\":\"https:\\\/\\\/www.aktiv-panorama.de\\\/?s={search_term_string}\"},\"query-input\":{\"@type\":\"PropertyValueSpecification\",\"valueRequired\":true,\"valueName\":\"search_term_string\"}}],\"inLanguage\":\"de\"},{\"@type\":\"Organization\",\"@id\":\"https:\\\/\\\/www.aktiv-panorama.de\\\/#organization\",\"name\":\"Panorama-Fotografie\",\"url\":\"https:\\\/\\\/www.aktiv-panorama.de\\\/\",\"logo\":{\"@type\":\"ImageObject\",\"inLanguage\":\"de\",\"@id\":\"https:\\\/\\\/www.aktiv-panorama.de\\\/#\\\/schema\\\/logo\\\/image\\\/\",\"url\":\"https:\\\/\\\/i0.wp.com\\\/www.aktiv-panorama.de\\\/wp-content\\\/uploads\\\/2014\\\/11\\\/logo_aktiv-panorama-360_250px.png?fit=250%2C239\",\"contentUrl\":\"https:\\\/\\\/i0.wp.com\\\/www.aktiv-panorama.de\\\/wp-content\\\/uploads\\\/2014\\\/11\\\/logo_aktiv-panorama-360_250px.png?fit=250%2C239\",\"width\":250,\"height\":239,\"caption\":\"Panorama-Fotografie\"},\"image\":{\"@id\":\"https:\\\/\\\/www.aktiv-panorama.de\\\/#\\\/schema\\\/logo\\\/image\\\/\"}}]}<\/script>\n<!-- \/ Yoast SEO plugin. -->","yoast_head_json":{"title":"Panorama Aussichten vom Tour Montparnasse in Paris","description":"Tour Montparnasse ist das zweith\u00f6chste Geb\u00e4ude in Paris: Von der Aussichtsterrasse hat man wohl den sch\u00f6nsten Blick auf Paris mit dem Eiffelturm - sehen Sie selbst","robots":{"index":"index","follow":"follow","max-snippet":"max-snippet:-1","max-image-preview":"max-image-preview:large","max-video-preview":"max-video-preview:-1"},"canonical":"https:\/\/www.aktiv-panorama.de\/?page_id=2588","og_locale":"de_DE","og_type":"article","og_title":"Panorama Aussichten vom Tour Montparnasse in Paris","og_description":"Tour Montparnasse ist das zweith\u00f6chste Geb\u00e4ude in Paris: Von der Aussichtsterrasse hat man wohl den sch\u00f6nsten Blick auf Paris mit dem Eiffelturm - sehen Sie selbst","og_url":"https:\/\/www.aktiv-panorama.de\/?page_id=2588","og_site_name":"Aktiv-Panorama","article_modified_time":"2015-01-14T17:00:33+00:00","twitter_misc":{"Gesch\u00e4tzte Lesezeit":"2\u00a0Minuten"},"schema":{"@context":"https:\/\/schema.org","@graph":[{"@type":"WebPage","@id":"https:\/\/www.aktiv-panorama.de\/?page_id=2588","url":"https:\/\/www.aktiv-panorama.de\/?page_id=2588","name":"Panorama Aussichten vom Tour Montparnasse in Paris","isPartOf":{"@id":"https:\/\/www.aktiv-panorama.de\/#website"},"datePublished":"2015-01-12T16:05:00+00:00","dateModified":"2015-01-14T17:00:33+00:00","description":"Tour Montparnasse ist das zweith\u00f6chste Geb\u00e4ude in Paris: Von der Aussichtsterrasse hat man wohl den sch\u00f6nsten Blick auf Paris mit dem Eiffelturm - sehen Sie selbst","breadcrumb":{"@id":"https:\/\/www.aktiv-panorama.de\/?page_id=2588#breadcrumb"},"inLanguage":"de","potentialAction":[{"@type":"ReadAction","target":["https:\/\/www.aktiv-panorama.de\/?page_id=2588"]}]},{"@type":"BreadcrumbList","@id":"https:\/\/www.aktiv-panorama.de\/?page_id=2588#breadcrumb","itemListElement":[{"@type":"ListItem","position":1,"name":"Startseite","item":"https:\/\/www.aktiv-panorama.de\/"},{"@type":"ListItem","position":2,"name":"Panorama-Aussicht vom Tour Montparnasse auf Paris"}]},{"@type":"WebSite","@id":"https:\/\/www.aktiv-panorama.de\/#website","url":"https:\/\/www.aktiv-panorama.de\/","name":"Aktiv-Panorama","description":"360\u00b0-Panoramafotografie","publisher":{"@id":"https:\/\/www.aktiv-panorama.de\/#organization"},"potentialAction":[{"@type":"SearchAction","target":{"@type":"EntryPoint","urlTemplate":"https:\/\/www.aktiv-panorama.de\/?s={search_term_string}"},"query-input":{"@type":"PropertyValueSpecification","valueRequired":true,"valueName":"search_term_string"}}],"inLanguage":"de"},{"@type":"Organization","@id":"https:\/\/www.aktiv-panorama.de\/#organization","name":"Panorama-Fotografie","url":"https:\/\/www.aktiv-panorama.de\/","logo":{"@type":"ImageObject","inLanguage":"de","@id":"https:\/\/www.aktiv-panorama.de\/#\/schema\/logo\/image\/","url":"https:\/\/i0.wp.com\/www.aktiv-panorama.de\/wp-content\/uploads\/2014\/11\/logo_aktiv-panorama-360_250px.png?fit=250%2C239","contentUrl":"https:\/\/i0.wp.com\/www.aktiv-panorama.de\/wp-content\/uploads\/2014\/11\/logo_aktiv-panorama-360_250px.png?fit=250%2C239","width":250,"height":239,"caption":"Panorama-Fotografie"},"image":{"@id":"https:\/\/www.aktiv-panorama.de\/#\/schema\/logo\/image\/"}}]}},"_links":{"self":[{"href":"https:\/\/www.aktiv-panorama.de\/index.php?rest_route=\/wp\/v2\/pages\/2588","targetHints":{"allow":["GET"]}}],"collection":[{"href":"https:\/\/www.aktiv-panorama.de\/index.php?rest_route=\/wp\/v2\/pages"}],"about":[{"href":"https:\/\/www.aktiv-panorama.de\/index.php?rest_route=\/wp\/v2\/types\/page"}],"author":[{"embeddable":true,"href":"https:\/\/www.aktiv-panorama.de\/index.php?rest_route=\/wp\/v2\/users\/1"}],"replies":[{"embeddable":true,"href":"https:\/\/www.aktiv-panorama.de\/index.php?rest_route=%2Fwp%2Fv2%2Fcomments&post=2588"}],"version-history":[{"count":0,"href":"https:\/\/www.aktiv-panorama.de\/index.php?rest_route=\/wp\/v2\/pages\/2588\/revisions"}],"wp:attachment":[{"href":"https:\/\/www.aktiv-panorama.de\/index.php?rest_route=%2Fwp%2Fv2%2Fmedia&parent=2588"}],"curies":[{"name":"wp","href":"https:\/\/api.w.org\/{rel}","templated":true}]}}