{"id":7436,"date":"2016-01-11T21:05:49","date_gmt":"2016-01-11T19:05:49","guid":{"rendered":"https:\/\/www.aktiv-panorama.de\/?page_id=7436"},"modified":"2018-03-26T13:06:58","modified_gmt":"2018-03-26T11:06:58","slug":"virtuelle-panoramatour-perfekte-werbung","status":"publish","type":"page","link":"https:\/\/www.aktiv-panorama.de\/?page_id=7436","title":{"rendered":"Ihre virtuelle Panoramatour &#8211; die perfekte Werbung"},"content":{"rendered":"<p style=\"text-align: justify;\"><div class=\"gp-wrap gpcenter gpovh entry-sep bwi-entry-sep\" style=\"\"><\/div>\n<div class=\"gp-wrap gpcenter gpovh accent-bg-nh fp-bf-container\" style=\"\"> <div class=\"gp-container gpcenter gpovh \" style=\"\">\n<h1 style=\"text-align: center;\"><span style=\"color: #dbdbdb;\">die virtuelle Panoramatour, der\u00a0virtuelle Rundgang, die 360\u00b0-Panorama-Tour,<br \/>\n<\/span><span style=\"color: #dbdbdb;\">der 360\u00b0-Rundgang, eine VR-Tour &#8230;<\/span><\/h1>\n<p style=\"text-align: justify;\"><div class=\"fp-bf-underline tac\" style=\"\"><\/div><\/div><\/div>\n<p style=\"text-align: justify;\"><div class=\"gp-wrap gpcenter gpovh entry-sep bwi-entry-sep\" style=\"\"><\/div>\n<h3 style=\"text-align: justify;\"><span style=\"color: #6f5d4d;\">&#8230; es gibt viele Begriffe f\u00fcr dieses besondere\u00a0Feld in der Panoramafotografie. Eine\u00a0virtuelle Panoramatour ist eine Weiterbearbeitung von 360\u00b0-Panoramafotografien zu einem virtuellen Erlebnis. Die VR-Tour (virtuel Reality) entsteht durch die technische Verkn\u00fcpfung einzelner Panoramen und erm\u00f6glicht so eine erweiterte Betrachtung von R\u00e4umlichkeiten innerhalb eines Geb\u00e4udekomplexes, bis hin zu kompletten virtuellen Stadtrundg\u00e4ngen.<\/span><\/h3>\n<p style=\"text-align: justify;\"><div class=\"gp-wrap gpcenter gpovh entry-sep bwi-entry-sep\" style=\"\"><\/div>\n<h4 style=\"text-align: justify;\"><a href=\"https:\/\/www.aktiv-panorama.de\/preise\/studie-buchungsteigerung\/\">ein\u00a0einzigartige Werbeinstrument f\u00fcr Ihr Unternehmen bzw. f\u00fcr Ihre Institution, das jeden Besucher Ihrer Webseite begeistert und die Verweildauer deutlich erh\u00f6ht.<\/a><\/h4>\n<hr \/>\n<p style=\"text-align: justify;\"><div class=\"gp-wrap gpcenter gpovh entry-sep bwi-entry-sep\" style=\"\"><\/div>\n<div class=\"gp-wrap gpcenter gpovh accent-bg-nh fp-bf-container\" style=\"\"> <div class=\"gp-container gpcenter gpovh \" style=\"\">\n<h2 style=\"text-align: left;\"><strong><span style=\"color: #dbdbdb;\">Die\u00a0virtuelle Panoramatour &#8211; das perfekte Werbeinstrument<\/span><br \/>\n<\/strong><\/h2>\n<p style=\"text-align: justify;\"><div class=\"fp-bf-underline tac\" style=\"\"><\/div><\/div><\/div>\n<p style=\"text-align: justify;\">Sie betreiben eines der unten genannten Unternehmen oder Institutionen?<\/p>\n<ul style=\"text-align: justify;\">\n<li>Hotels,\u00a0Pensionen und Gastronomie<\/li>\n<li>St\u00e4dte, Gemeinden und Tourismusverb\u00e4nde<\/li>\n<li>Immobilienmakler<\/li>\n<li>Museen und Galerien<\/li>\n<li>Autoh\u00e4user und Fahrzeughersteller<\/li>\n<li>Industrie<\/li>\n<li>Sachverst\u00e4ndige<\/li>\n<li>Fitnessstudios und\u00a0 Wellnesseinrichtungen<\/li>\n<li>Bars, Cafe\u2019s und Diskotheken<\/li>\n<li>Einzelhandel und Ladengesch\u00e4fte<\/li>\n<li>Praxen und \u00c4rzteh\u00e4user<\/li>\n<\/ul>\n<p style=\"text-align: justify;\">&#8230; und Sie suchen nach einer einfachen und g\u00fcnstigen M\u00f6glichkeit Besucher Ihrer Website, potentielle Kunden oder Partner zu beeindrucken? Dann sind Sie hier genau richtig:<\/p>\n<p style=\"text-align: justify;\">Mit einem virtuellen 360\u00b0-Panorama-Rundgang, einer VR-Tour, erzeugen Sie einen realit\u00e4tsnahen Einblick Ihres Gesch\u00e4ftsbetriebs bzw. Ihrer Produktionsst\u00e4tte. Es ist erwiesen, dass Besucher von Webseiten mit interaktiven Inhalten deutlich l\u00e4nger darauf verweilen, weil das Erkunden und Entdecken solcher Inhalte fesselt.<\/p>\n<p style=\"text-align: justify;\"><div class=\"gp-wrap gpcenter gpovh entry-sep bwi-entry-sep\" style=\"\"><\/div>\n<div class=\"gp-wrap gpcenter gpovh accent-bg-nh fp-bf-container\" style=\"\"> <div class=\"gp-container gpcenter gpovh \" style=\"\">\n<h2 style=\"text-align: left;\"><span style=\"color: #dbdbdb;\">Welche Vorteile bietet ein virtueller Rundgang?<\/span><\/h2>\n<p style=\"text-align: justify;\"><div class=\"fp-bf-underline tac\" style=\"\"><\/div><\/div><\/div>\n<p style=\"text-align: justify;\"><strong>&#8230; und worin unterscheiden sich normale Bilder oder\u00a0Videos\u00a0von einer Panoramatour?<\/strong><\/p>\n<p style=\"text-align: justify;\">In einer Panoramatour k\u00f6nnen sich Besucher Ihrer Webseite von Ihrem Unternehmen einen sehr realistischen Eindruck machen. Im Gegensatz zu statischen Fotos oder schlichten Filmen k\u00f6nnen alle Blickwinkel vom Betrachter selbst gew\u00e4hlt werden. Jeder Bildausschnitt kann individuell und intuitiv angesteuert werden. Ihre Kunden k\u00f6nnen sich in Ihren, frei w\u00e4hlbaren R\u00e4umen nach allen Seiten umsehen\u00a0&#8211; genau\u00a0so, als w\u00e4ren sie selbst vor Ort. Heute ist der Einsatz hochaufl\u00f6sender Bilder in der digitalen Welt nicht mehr\u00a0wegzudenken und auch die Panoramafotografie mit ihren\u00a0virtuellen Rundg\u00e4ngen entwickelt sich mehr und mehr zu einem unentbehrlichen Medium in der Online-Werbung.<\/p>\n<p style=\"text-align: justify;\"><strong>&#8230; und welche Vorteile kann ich erwarten?<\/strong><\/p>\n<p style=\"text-align: justify;\">Mit der Einbindung virtueller Panoramafotografien und interaktiven Rundg\u00e4ngen auf Ihrer Internetseite, heben Sie sich von Ihren Konkurrenten ab und hinterlassen einen bleibenden Eindruck bei jedem Besucher.<\/p>\n<p style=\"text-align: justify;\">Wird Ihre Internetpr\u00e4senz mit einer Panoramatour in Szene gesetzt, sind\u00a0die folgenden Annehmlichkeiten inbegriffen:<\/p>\n<ul style=\"text-align: justify;\">\n<li>eine innovative Pr\u00e4sentation mit umfangreichen Informationen Ihres Produkts<\/li>\n<li>ein kosteng\u00fcnstiges\u00a0Werbeinstrument<\/li>\n<li>ein Eyecatcher f\u00fcr Ihre Seite, der<\/li>\n<li>die Absprungrate messbar senken wird<\/li>\n<li>die Besucherszeiten werden deutlich l\u00e4nger<\/li>\n<\/ul>\n<p style=\"text-align: justify;\"><div class=\"gp-wrap gpcenter gpovh entry-sep bwi-entry-sep\" style=\"\"><\/div>\n<div class=\"gp-wrap gpcenter gpovh accent-bg-nh fp-bf-container\" style=\"\"> <div class=\"gp-container gpcenter gpovh \" style=\"\">\n<h2 style=\"text-align: left;\"><span style=\"color: #dbdbdb;\"><strong>Was sehen Besucher\u00a0bei einem\u00a0virtuellen Rundgang<\/strong><\/span><\/h2>\n<p style=\"text-align: justify;\"><div class=\"fp-bf-underline tac\" style=\"\"><\/div><\/div><\/div>\n<p style=\"text-align: justify;\">Bei\u00a0360\u00b0-Rundg\u00e4ngen taucht der Besucher in eine virtuelle Realit\u00e4t ein, die nur noch von einem Besuch vor Ort \u00fcbertroffen werden kann. Der virtuelle Rundgang wird intuitiv mit der Maus oder den Steuerungselementen\u00a0gesteuert. Analog zur Bewegung der Steuerung \u00e4ndern sich Blickrichtung, Entfernung sowie die Perspektive.<\/p>\n<p style=\"text-align: justify;\">\u00dcber animierte Hotspots bewegt sich der Besucher durch R\u00e4ume, Geb\u00e4ude, Stra\u00dfenz\u00fcge oder ganze Landschaften &#8211; einfach nur durch Tippen oder mit Klicks!<\/p>\n<p style=\"text-align: justify;\">Hilfreiche Anwendungen, wie eingeblendete Grundrisse, Stra\u00dfenkarten oder Kompassanzeigen, bieten zus\u00e4tzliche Unterst\u00fctzung beim Navigieren und orientieren durch den virtuellen Rundgang. F\u00fcr eindrucksvolle und realistische Rundg\u00e4nge ist die Qualit\u00e4t der Ausgangsbilder entscheidend. Aktiv-Panorama setzt sehr gute, hochaufl\u00f6sende <a href=\"https:\/\/www.aktiv-panorama.de\/technische-ausruestung\/\">DSLR-Kameras<\/a> in Kombination mit <a href=\"https:\/\/www.aktiv-panorama.de\/technische-ausruestung\/\">hervorragenden Objektiven<\/a> ein.<\/p>\n<p style=\"text-align: justify;\"><div class=\"gp-wrap gpcenter gpovh entry-sep bwi-entry-sep\" style=\"\"><\/div>\n<div class=\"gp-wrap gpcenter gpovh accent-bg-nh fp-bf-container\" style=\"\"> <div class=\"gp-container gpcenter gpovh \" style=\"\">\n<h2 style=\"text-align: left;\"><strong><span style=\"color: #dbdbdb;\">Zahlreiche\u00a0Informationen mit individuellen Gestaltungselementen\u00a0begeistern den Besucher zus\u00e4tzlich<\/span><\/strong><\/h2>\n<p style=\"text-align: justify;\"><div class=\"fp-bf-underline tac\" style=\"\"><\/div><\/div><\/div>\n<p style=\"text-align: justify;\"><strong>Wir erstellen den virtuellen Rundgang ganz nach Ihren individuellen Anspr\u00fcchen und Vorstellungen.<\/strong><\/p>\n<p style=\"text-align: justify;\">Zus\u00e4tzlich integrierte\u00a0Elemente wie Banner, Diashows mit Detailbildern, Texte und Videospots k\u00f6nnen dem Betrachter w\u00e4hrend des Rundgangs viele weiterf\u00fchrende Informationen liefern. Dar\u00fcber hinaus sind Elemente wie zum Beispiel eigene Werbebanner, Firmenlogos, eine Speisenkarte, Flyer mit Veranstaltungstipps oder Produktinformationen und Preislisten denkbar.<br \/>\nEingespielte Musik oder eine Sprachmoderation steigern den realit\u00e4tsnahen Eindruck zus\u00e4tzlich und helfen dabei, Informationen gezielt zu platzieren und werbewirksam zu vermitteln.<\/p>\n<p style=\"text-align: justify;\">Der Fantasie sind kaum Grenzen gesetzt &#8211; fast alles ist m\u00f6glich. Sie entscheiden, wir setzen um!<\/p>\n<p><strong>Weitere Besonderheiten, die wir Ihnen bieten k\u00f6nnen:<\/strong><\/p>\n<p>Wir haben die M\u00f6glichkeit, Panoramen oder Bilder aus der Vogelperspektive aufzunehmen. Entweder durch den Einsatz eines Hochstatives (bis 6 Meter H\u00f6he) oder mit Hilfe einer Drohne (bis 100 Meter H\u00f6he). Diese Perspektive ist besonders\u00a0f\u00fcr eine\u00a0\u00dcbersichtsaufnahme Ihres Unternehmens \/ Produktionsst\u00e4tte geeignet.<\/p>\n<p style=\"text-align: justify;\"><div class=\"gp-wrap gpcenter gpovh entry-sep bwi-entry-sep\" style=\"\"><\/div>\n<div class=\"gp-wrap gpcenter gpovh accent-bg-nh fp-bf-container\" style=\"\"> <div class=\"gp-container gpcenter gpovh \" style=\"\">\n<h2 style=\"text-align: left;\"><span style=\"color: #dbdbdb;\"><strong>Wir beraten Sie gerne, bei der Gestaltung Ihrer virtuellen Panorama-Tour<\/strong><\/span><\/h2>\n<p style=\"text-align: justify;\"><div class=\"fp-bf-underline tac\" style=\"\"><\/div><\/div><\/div>\n<p style=\"text-align: justify;\"><strong>&#8230; sollten Sie noch keine konkreten Vorstellungen haben &#8230;<\/strong><\/p>\n<p style=\"text-align: justify;\">wir unterst\u00fctzen Sie selbstverst\u00e4ndlich bei der <strong>Ideenfindung<\/strong> und auch bei der <strong>Entwicklung<\/strong>.<br \/>\n<a href=\"https:\/\/www.aktiv-panorama.de\/impressum\/kontaktformular\/\">Kontaktieren<\/a> Sie uns einfach. Wir beraten Sie gern in einem <strong>pers\u00f6nlichen Gespr\u00e4ch<\/strong>.<\/p>\n","protected":false},"excerpt":{"rendered":"<p>&#8230; es gibt viele Begriffe f\u00fcr dieses besondere\u00a0Feld in der Panoramafotografie. Eine\u00a0virtuelle Panoramatour ist eine Weiterbearbeitung von 360\u00b0-Panoramafotografien zu einem virtuellen Erlebnis. Die VR-Tour (virtuel Reality) entsteht durch die technische Verkn\u00fcpfung einzelner Panoramen und erm\u00f6glicht so eine erweiterte Betrachtung von R\u00e4umlichkeiten innerhalb eines Geb\u00e4udekomplexes, bis hin zu kompletten virtuellen Stadtrundg\u00e4ngen. ein\u00a0einzigartige Werbeinstrument f\u00fcr Ihr Unternehmen [&hellip;]<\/p>\n","protected":false},"author":1,"featured_media":0,"parent":0,"menu_order":0,"comment_status":"closed","ping_status":"closed","template":"templates\/template-page-nosidebar-notitle.php","meta":{"footnotes":""},"class_list":["post-7436","page","type-page","status-publish","hentry"],"yoast_head":"<!-- This site is optimized with the Yoast SEO plugin v27.6 - https:\/\/yoast.com\/product\/yoast-seo-wordpress\/ -->\n<title>Ihre virtuelle Panoramatour - die perfekte Werbung - Aktiv-Panorama<\/title>\n<meta name=\"description\" content=\"mit einer virtuellen Panoramatour k\u00f6nnen Unternehmen und Institutionen ihre Dienstleistungen und Produkte perfekt pr\u00e4sentieren. Wir erstellen VR-Touren\u00a0\" \/>\n<meta name=\"robots\" content=\"index, follow, max-snippet:-1, max-image-preview:large, max-video-preview:-1\" \/>\n<link rel=\"canonical\" href=\"https:\/\/www.aktiv-panorama.de\/?page_id=7436\" \/>\n<meta property=\"og:locale\" content=\"de_DE\" \/>\n<meta property=\"og:type\" content=\"article\" \/>\n<meta property=\"og:title\" content=\"Ihre virtuelle Panoramatour - die perfekte Werbung - Aktiv-Panorama\" \/>\n<meta property=\"og:description\" content=\"mit einer virtuellen Panoramatour k\u00f6nnen Unternehmen und Institutionen ihre Dienstleistungen und Produkte perfekt pr\u00e4sentieren. Wir erstellen VR-Touren\u00a0\" \/>\n<meta property=\"og:url\" content=\"https:\/\/www.aktiv-panorama.de\/?page_id=7436\" \/>\n<meta property=\"og:site_name\" content=\"Aktiv-Panorama\" \/>\n<meta property=\"article:modified_time\" content=\"2018-03-26T11:06:58+00:00\" \/>\n<meta name=\"twitter:label1\" content=\"Gesch\u00e4tzte Lesezeit\" \/>\n\t<meta name=\"twitter:data1\" content=\"5\u00a0Minuten\" \/>\n<script type=\"application\/ld+json\" class=\"yoast-schema-graph\">{\"@context\":\"https:\\\/\\\/schema.org\",\"@graph\":[{\"@type\":\"WebPage\",\"@id\":\"https:\\\/\\\/www.aktiv-panorama.de\\\/?page_id=7436\",\"url\":\"https:\\\/\\\/www.aktiv-panorama.de\\\/?page_id=7436\",\"name\":\"Ihre virtuelle Panoramatour - die perfekte Werbung - Aktiv-Panorama\",\"isPartOf\":{\"@id\":\"https:\\\/\\\/www.aktiv-panorama.de\\\/#website\"},\"datePublished\":\"2016-01-11T19:05:49+00:00\",\"dateModified\":\"2018-03-26T11:06:58+00:00\",\"description\":\"mit einer virtuellen Panoramatour k\u00f6nnen Unternehmen und Institutionen ihre Dienstleistungen und Produkte perfekt pr\u00e4sentieren. Wir erstellen VR-Touren\u00a0\",\"breadcrumb\":{\"@id\":\"https:\\\/\\\/www.aktiv-panorama.de\\\/?page_id=7436#breadcrumb\"},\"inLanguage\":\"de\",\"potentialAction\":[{\"@type\":\"ReadAction\",\"target\":[\"https:\\\/\\\/www.aktiv-panorama.de\\\/?page_id=7436\"]}]},{\"@type\":\"BreadcrumbList\",\"@id\":\"https:\\\/\\\/www.aktiv-panorama.de\\\/?page_id=7436#breadcrumb\",\"itemListElement\":[{\"@type\":\"ListItem\",\"position\":1,\"name\":\"Startseite\",\"item\":\"https:\\\/\\\/www.aktiv-panorama.de\\\/\"},{\"@type\":\"ListItem\",\"position\":2,\"name\":\"Ihre virtuelle Panoramatour &#8211; die perfekte Werbung\"}]},{\"@type\":\"WebSite\",\"@id\":\"https:\\\/\\\/www.aktiv-panorama.de\\\/#website\",\"url\":\"https:\\\/\\\/www.aktiv-panorama.de\\\/\",\"name\":\"Aktiv-Panorama\",\"description\":\"360\u00b0-Panoramafotografie\",\"publisher\":{\"@id\":\"https:\\\/\\\/www.aktiv-panorama.de\\\/#organization\"},\"potentialAction\":[{\"@type\":\"SearchAction\",\"target\":{\"@type\":\"EntryPoint\",\"urlTemplate\":\"https:\\\/\\\/www.aktiv-panorama.de\\\/?s={search_term_string}\"},\"query-input\":{\"@type\":\"PropertyValueSpecification\",\"valueRequired\":true,\"valueName\":\"search_term_string\"}}],\"inLanguage\":\"de\"},{\"@type\":\"Organization\",\"@id\":\"https:\\\/\\\/www.aktiv-panorama.de\\\/#organization\",\"name\":\"Panorama-Fotografie\",\"url\":\"https:\\\/\\\/www.aktiv-panorama.de\\\/\",\"logo\":{\"@type\":\"ImageObject\",\"inLanguage\":\"de\",\"@id\":\"https:\\\/\\\/www.aktiv-panorama.de\\\/#\\\/schema\\\/logo\\\/image\\\/\",\"url\":\"https:\\\/\\\/i0.wp.com\\\/www.aktiv-panorama.de\\\/wp-content\\\/uploads\\\/2014\\\/11\\\/logo_aktiv-panorama-360_250px.png?fit=250%2C239\",\"contentUrl\":\"https:\\\/\\\/i0.wp.com\\\/www.aktiv-panorama.de\\\/wp-content\\\/uploads\\\/2014\\\/11\\\/logo_aktiv-panorama-360_250px.png?fit=250%2C239\",\"width\":250,\"height\":239,\"caption\":\"Panorama-Fotografie\"},\"image\":{\"@id\":\"https:\\\/\\\/www.aktiv-panorama.de\\\/#\\\/schema\\\/logo\\\/image\\\/\"}}]}<\/script>\n<!-- \/ Yoast SEO plugin. -->","yoast_head_json":{"title":"Ihre virtuelle Panoramatour - die perfekte Werbung - Aktiv-Panorama","description":"mit einer virtuellen Panoramatour k\u00f6nnen Unternehmen und Institutionen ihre Dienstleistungen und Produkte perfekt pr\u00e4sentieren. Wir erstellen VR-Touren\u00a0","robots":{"index":"index","follow":"follow","max-snippet":"max-snippet:-1","max-image-preview":"max-image-preview:large","max-video-preview":"max-video-preview:-1"},"canonical":"https:\/\/www.aktiv-panorama.de\/?page_id=7436","og_locale":"de_DE","og_type":"article","og_title":"Ihre virtuelle Panoramatour - die perfekte Werbung - Aktiv-Panorama","og_description":"mit einer virtuellen Panoramatour k\u00f6nnen Unternehmen und Institutionen ihre Dienstleistungen und Produkte perfekt pr\u00e4sentieren. Wir erstellen VR-Touren\u00a0","og_url":"https:\/\/www.aktiv-panorama.de\/?page_id=7436","og_site_name":"Aktiv-Panorama","article_modified_time":"2018-03-26T11:06:58+00:00","twitter_misc":{"Gesch\u00e4tzte Lesezeit":"5\u00a0Minuten"},"schema":{"@context":"https:\/\/schema.org","@graph":[{"@type":"WebPage","@id":"https:\/\/www.aktiv-panorama.de\/?page_id=7436","url":"https:\/\/www.aktiv-panorama.de\/?page_id=7436","name":"Ihre virtuelle Panoramatour - die perfekte Werbung - Aktiv-Panorama","isPartOf":{"@id":"https:\/\/www.aktiv-panorama.de\/#website"},"datePublished":"2016-01-11T19:05:49+00:00","dateModified":"2018-03-26T11:06:58+00:00","description":"mit einer virtuellen Panoramatour k\u00f6nnen Unternehmen und Institutionen ihre Dienstleistungen und Produkte perfekt pr\u00e4sentieren. Wir erstellen VR-Touren\u00a0","breadcrumb":{"@id":"https:\/\/www.aktiv-panorama.de\/?page_id=7436#breadcrumb"},"inLanguage":"de","potentialAction":[{"@type":"ReadAction","target":["https:\/\/www.aktiv-panorama.de\/?page_id=7436"]}]},{"@type":"BreadcrumbList","@id":"https:\/\/www.aktiv-panorama.de\/?page_id=7436#breadcrumb","itemListElement":[{"@type":"ListItem","position":1,"name":"Startseite","item":"https:\/\/www.aktiv-panorama.de\/"},{"@type":"ListItem","position":2,"name":"Ihre virtuelle Panoramatour &#8211; die perfekte Werbung"}]},{"@type":"WebSite","@id":"https:\/\/www.aktiv-panorama.de\/#website","url":"https:\/\/www.aktiv-panorama.de\/","name":"Aktiv-Panorama","description":"360\u00b0-Panoramafotografie","publisher":{"@id":"https:\/\/www.aktiv-panorama.de\/#organization"},"potentialAction":[{"@type":"SearchAction","target":{"@type":"EntryPoint","urlTemplate":"https:\/\/www.aktiv-panorama.de\/?s={search_term_string}"},"query-input":{"@type":"PropertyValueSpecification","valueRequired":true,"valueName":"search_term_string"}}],"inLanguage":"de"},{"@type":"Organization","@id":"https:\/\/www.aktiv-panorama.de\/#organization","name":"Panorama-Fotografie","url":"https:\/\/www.aktiv-panorama.de\/","logo":{"@type":"ImageObject","inLanguage":"de","@id":"https:\/\/www.aktiv-panorama.de\/#\/schema\/logo\/image\/","url":"https:\/\/i0.wp.com\/www.aktiv-panorama.de\/wp-content\/uploads\/2014\/11\/logo_aktiv-panorama-360_250px.png?fit=250%2C239","contentUrl":"https:\/\/i0.wp.com\/www.aktiv-panorama.de\/wp-content\/uploads\/2014\/11\/logo_aktiv-panorama-360_250px.png?fit=250%2C239","width":250,"height":239,"caption":"Panorama-Fotografie"},"image":{"@id":"https:\/\/www.aktiv-panorama.de\/#\/schema\/logo\/image\/"}}]}},"_links":{"self":[{"href":"https:\/\/www.aktiv-panorama.de\/index.php?rest_route=\/wp\/v2\/pages\/7436","targetHints":{"allow":["GET"]}}],"collection":[{"href":"https:\/\/www.aktiv-panorama.de\/index.php?rest_route=\/wp\/v2\/pages"}],"about":[{"href":"https:\/\/www.aktiv-panorama.de\/index.php?rest_route=\/wp\/v2\/types\/page"}],"author":[{"embeddable":true,"href":"https:\/\/www.aktiv-panorama.de\/index.php?rest_route=\/wp\/v2\/users\/1"}],"replies":[{"embeddable":true,"href":"https:\/\/www.aktiv-panorama.de\/index.php?rest_route=%2Fwp%2Fv2%2Fcomments&post=7436"}],"version-history":[{"count":0,"href":"https:\/\/www.aktiv-panorama.de\/index.php?rest_route=\/wp\/v2\/pages\/7436\/revisions"}],"wp:attachment":[{"href":"https:\/\/www.aktiv-panorama.de\/index.php?rest_route=%2Fwp%2Fv2%2Fmedia&parent=7436"}],"curies":[{"name":"wp","href":"https:\/\/api.w.org\/{rel}","templated":true}]}}